te the greatest common divisor of o and j.
3
Suppose 6*s - 10*s + 32 = 0. Suppose -4 = -2*g + 12. What is the greatest common divisor of g and s?
8
Let i be -2*2 + 363*4/12. What is the greatest common divisor of i and 26?
13
Let w(f) = f**3 + 0*f - 4*f**2 + 0*f - 3 + f + f. Let k be w(4). Calculate the greatest common factor of 1 and k.
1
Let r(j) = 4*j**2 + 8*j - 11. Let b be r(-5). Calculate the greatest common divisor of 7 and b.
7
Let m(u) = -88*u. Let c be m(-1). What is the highest common factor of c and 11?
11
Suppose 0 = 6*x - 7 - 11. What is the highest common divisor of x and 3?
3
Let k(x) = 2*x - 1. Let a be k(2). Suppose -2*o = -3*o - b + a, -9 = 5*o - b. Let z = 44 - o. Calculate the highest common divisor of 9 and z.
9
Let o(a) = -2*a + 8 - 1 - 2*a + 2*a**2 - 6. Let v be (-9)/3*(-8)/(-6). Let t be o(v). Calculate the greatest common divisor of t and 7.
7
Let l be 6 + -2 - -14 - 4. What is the highest common divisor of l and 56?
14
Suppose 152*p + 99 = 155*p. Let w = 7 - 5. Let q be 291/27 - w/(-9). What is the greatest common factor of q and p?
11
Let i(t) = -t**3 + 7*t**2 + 8*t + 3. Let m be i(8). Let n(z) = -1 - 2*z**3 + m*z - 3*z - z**3. Let a be n(-3). What is the highest common divisor of 32 and a?
16
Let p(t) = t - 4. Let m be p(6). Let r be m/(-4) + (-1)/(-2). Suppose -u + 0*u + 4 = r. Calculate the highest common factor of 1 and u.
1
Let m be 4/(12/(-3)) - 19/(-1). What is the greatest common divisor of 342 and m?
18
Suppose 6*l - 2*l - 136 = o, 5*l - 167 = 2*o. What is the highest common divisor of 175 and l?
35
Let w(z) = 5 - 2 + 3*z**2 + 0*z + 0 - 2*z. Let r be w(3). Calculate the highest common factor of 72 and r.
24
Let q(s) = s**2 - 4*s - 6. Let i be q(7). Calculate the greatest common divisor of i and 60.
15
Suppose -247 - 14 = -3*y. Suppose 0 = i - 4*s - 5, -5*i - 2*s + y = -26. Calculate the highest common factor of i and 7.
7
Let t = -112 - -168. What is the highest common divisor of t and 84?
28
Suppose 0 = -6*y + y - z + 6, -16 = 2*y + 5*z. What is the greatest common divisor of y and 18?
2
Let r = -1 - -36. Calculate the highest common divisor of r and 385.
35
Let j = 31 + -6. Calculate the highest common divisor of j and 5.
5
Let v(w) = 31*w**2 - 2*w + 1. Let b be v(1). What is the highest common divisor of b and 6?
6
Suppose a - 4*s + 2 = -2, -22 = -5*a - s. Suppose 4 = o + j - 5, -5*o + 18 = -a*j. What is the highest common factor of 48 and o?
6
Let q = 8 - 2. Suppose q - 22 = -4*h. Suppose 5*f = 6 + 19, -5*v + h*f = -220. What is the greatest common factor of v and 8?
8
Let z(w) = 6*w**2 + w. Let x be z(-1). Let a = 103 - 65. Let n = 93 - a. What is the highest common divisor of x and n?
5
Suppose -3*v - 2*v = 0, -5*v - 90 = -l. Let n(d) = 14*d**3 + 2*d**2 + 2*d + 1. Let i be n(-1). Let r = i + 23. What is the greatest common divisor of r and l?
10
Let q = 14 + 8. Let p = 277 - 157. Let r = -65 + p. Calculate the greatest common factor of q and r.
11
Suppose -3*r - 106 = -5*s - 21, -3*s = -3*r - 57. What is the greatest common factor of 14 and s?
14
Let m(o) = -o**2 + 6*o + 5. Let t be m(6). Suppose s - 3 = 0, -4*s = d - 3*s - t. Calculate the greatest common factor of d and 18.
2
Let z(i) = i**2 + i - 6. Let o(r) = r**3 - 5*r**2 - 9*r + 13. Let b be o(6). Let s be z(b). Calculate the greatest common divisor of s and 56.
14
Let q = 24 + -13. Suppose 0 = 4*v - 4, v = 5*l + 271. Let t = l - -153. Calculate the highest common factor of t and q.
11
Suppose 11*c + 1445 = 28*c. Suppose -5*h + 68 = -h. Calculate the highest common divisor of h and c.
17
Let f = 179 - -78. Suppose 0 = 5*d, d = -3*m + f - 2. Let o be -2 + 0/(-10) + 19. Calculate the greatest common factor of m and o.
17
Let p(z) = -z**2 - z + 5. Let c be p(0). Suppose -2*x - 2 = -4*x, -c*d + 4*x = -16. Suppose d*f = 70 + 10. What is the highest common divisor of f and 4?
4
Let g = -283 + 463. Calculate the highest common factor of g and 20.
20
Let i be 8 - 6 - (0/2 - 50). Let z = 32 - 19. What is the highest common factor of z and i?
13
Let q = -1 + 4. Suppose 3*k - 6*b - 6 = -b, k + 4*b = 2. Let a = q - k. What is the greatest common divisor of a and 1?
1
Let v(u) = u - 13. Let o be v(15). Suppose -o*s + 5*i = -12, 13 = 5*s + i - 17. What is the greatest common factor of s and 2?
2
Let o(y) be the first derivative of -1/4*y**4 - 4/3*y**3 - 6*y - 3/2*y**2 - 1. Let z be o(-4). Calculate the greatest common factor of 9 and z.
3
Suppose 11*o - 17*o = -168. What is the highest common divisor of 21 and o?
7
Suppose 48 = t + t. What is the greatest common factor of t and 6?
6
Let o be (6 - 6)/(2/2). Suppose o = 5*p - 49 - 1. Let j(r) = -r**2 + 6*r. Let v be j(5). What is the greatest common divisor of v and p?
5
Let d = 99 - 97. What is the greatest common divisor of 8 and d?
2
Let d be (-13)/52*(4 - 0). Let m(o) = -26*o - 2. Let l be m(d). Suppose -a = 3*t - 67, 5*a + 0*a + 97 = 3*t. What is the greatest common divisor of l and t?
24
Let t(w) be the second derivative of w**4/12 - 2*w**3/3 + 3*w**2/2 - 4*w. Let o = 8 - 2. Let b be t(o). Calculate the greatest common factor of 10 and b.
5
Let b(a) = -10*a + 9. Let m be b(-9). Calculate the highest common divisor of 9 and m.
9
Let z be 2*(0 + 3) - 0. Suppose 0 = 5*b - 14*b + 144. Suppose -z*d = -5*d - b. Calculate the highest common factor of d and 64.
16
Let o = -14 - -25. Calculate the greatest common divisor of o and 143.
11
Let t = 91 - 87. What is the highest common factor of 16 and t?
4
Let q = 158 + -88. Let y = -16 + 26. What is the greatest common factor of y and q?
10
Suppose 86 = p - 18. Suppose 22 = 2*h + 4*m, -3*h + 4*m = 8*m - 35. What is the greatest common factor of p and h?
13
Let s = 21 - -13. Suppose -4*h = 2*t - s, -3*h + 6*t - t = -45. Calculate the highest common divisor of h and 2.
2
Let b(w) = w - 4*w - 2*w + 1. Let z(j) = -j**2 + 13*j - 23. Let c be z(11). Let p be b(c). What is the highest common factor of 66 and p?
6
Suppose 2*o - 8 = 6*o + q, -2*q = 0. Let r be o*(-3)/(4 - 1). Suppose 0 = r*v - 5*v + 60. Calculate the highest common divisor of 10 and v.
10
Let n = 5 + 7. Calculate the highest common factor of n and 132.
12
Suppose 3*f + 2*o = 11, 6*o + 5 = -f + o. Suppose -4 - 6 = -f*l. Suppose -y + l*y = 30. What is the highest common factor of 45 and y?
15
Let y = 76 - -12. Let w(f) = f**2 - f - 4. Suppose 4 = t - 0. Let h be w(t). What is the highest common divisor of h and y?
8
Let a(q) = 2*q**2 + 3*q - 3. Let s be a(-3). Let d be (-8)/s*(-225)/6. What is the greatest common factor of 20 and d?
10
Let k(p) = 43*p**2 - 4*p - 4. Let s be k(-2). What is the highest common divisor of 44 and s?
44
Let g(r) = 4*r**3. Let p be g(1). Let o be (p - 0)*(-11)/2. Let l be o/(-10) + (-1)/5. What is the highest common factor of 6 and l?
2
Let f(b) = -7*b**2 + 4*b - 3. Let o be (2 - 0)/4*6. Let h be f(o). Let i be h/(-2) - 0/(-2). What is the highest common divisor of i and 18?
9
Let b(y) = 2 - 2*y + 10*y**3 - y**2 + 0*y**3 - 3*y**3. Let z be b(1). What is the greatest common divisor of 42 and z?
6
Let o = 67 + -10. What is the greatest common divisor of 38 and o?
19
Suppose 25 = -4*b + 65. Calculate the greatest common divisor of 70 and b.
10
Suppose 3*m - 159 = -5*c, 2*c + 5*m + 135 = 7*c. Calculate the highest common divisor of c and 12.
6
Let o(i) = 4*i**2 + i + 11. Let p be o(6). Let r = -49 + p. What is the highest common divisor of r and 14?
14
Suppose -27 = -2*r + y, -3*r - 2*y = -7*y - 58. What is the greatest common divisor of 99 and r?
11
Let h be 4/18 + 68/18. Let g(x) = 4*x - 4. Let d be g(3). Calculate the greatest common factor of d and h.
4
Let w = 4 - -1. Let k = 1 + w. Suppose -k = -y + 5. What is the highest common factor of y and 11?
11
Let n(i) = 5*i**2 + 5*i - 4. Let m be ((-6)/(-4))/((-9)/24). Let s be n(m). Let h be 56/6*(-3)/(-2). Calculate the greatest common factor of s and h.
14
Let g = -2 - -8. Let q be -1*(0/(-1) - 2). Suppose -g = -q*m - 0. Calculate the greatest common divisor of 3 and m.
3
Suppose u + 75 = 6*u - 5*m, -2*u - 4*m = -24. What is the greatest common factor of u and 98?
14
Let i = -7 - -5. Let p be (2/4)/(i/(-4)). Let k(w) = w**2 - 8*w - 9. Let y be k(10). What is the highest common divisor of p and y?
1
Suppose -3*u = -6*u. Suppose -3*x 